reatest common divisor of 30 and 160.
10
Calculate the highest common factor of 17576 and 104.
104
What is the highest common divisor of 54 and 54?
54
Calculate the greatest common factor of 8 and 104.
8
What is the greatest common divisor of 23 and 1863?
23
Calculate the greatest common divisor of 371 and 28.
7
What is the highest common factor of 2650 and 318?
106
Calculate the greatest common divisor of 43 and 4.
1
Calculate the greatest common factor of 2944 and 544.
32
What is the greatest common factor of 364 and 49?
7
What is the greatest common divisor of 476 and 34?
34
What is the highest common factor of 16 and 3104?
16
What is the greatest common divisor of 48 and 528?
48
Calculate the highest common divisor of 16 and 5688.
8
What is the highest common factor of 252 and 3444?
84
Calculate the highest common divisor of 296 and 4.
4
Calculate the highest common divisor of 675 and 800.
25
What is the greatest common divisor of 12 and 186?
6
Calculate the highest common divisor of 3515 and 74.
37
What is the greatest common factor of 2 and 386?
2
What is the greatest common divisor of 30 and 140?
10
Calculate the highest common divisor of 1517 and 37.
37
Calculate the greatest common factor of 455 and 260.
65
What is the greatest common divisor of 779 and 82?
41
What is the highest common divisor of 1015 and 232?
29
Calculate the greatest common factor of 630 and 8064.
126
What is the greatest common divisor of 999 and 63?
9
What is the greatest common divisor of 52 and 91?
13
Calculate the highest common factor of 24635 and 65.
65
Calculate the greatest common factor of 135 and 955.
5
What is the highest common divisor of 460 and 1564?
92
Calculate the highest common factor of 918 and 1674.
54
Calculate the highest common factor of 144 and 176.
16
What is the greatest common factor of 2548 and 52?
52
Calculate the highest common divisor of 552 and 1920.
24
Calculate the highest common divisor of 112 and 112.
112
Calculate the greatest common divisor of 6544 and 16.
16
Calculate the greatest common factor of 32 and 496.
16
What is the highest common factor of 172 and 2236?
172
What is the highest common factor of 538 and 16?
2
Calculate the greatest common factor of 44 and 286.
22
What is the highest common divisor of 72 and 549?
9
Calculate the greatest common divisor of 16 and 496.
16
What is the highest common factor of 5896 and 88?
88
What is the highest common factor of 112 and 532?
28
What is the greatest common divisor of 9 and 1467?
9
What is the highest common divisor of 496 and 62?
62
What is the highest common divisor of 72 and 18936?
72
Calculate the greatest common divisor of 27 and 24.
3
Calculate the highest common factor of 32 and 3632.
16
What is the highest common factor of 48 and 16?
16
Calculate the highest common factor of 225 and 65025.
225
Calculate the highest common factor of 214 and 20.
2
Calculate the greatest common divisor of 980 and 10.
10
Calculate the highest common factor of 765 and 90.
45
What is the highest common divisor of 78 and 2054?
26
What is the greatest common factor of 583 and 319?
11
What is the highest common divisor of 22 and 33?
11
Calculate the highest common divisor of 27904 and 48.
16
Calculate the greatest common factor of 322 and 49.
7
Calculate the greatest common factor of 847 and 11.
11
Calculate the greatest common factor of 71 and 2627.
71
What is the highest common factor of 48 and 18?
6
Calculate the highest common divisor of 306 and 48501.
153
What is the greatest common factor of 42 and 238?
14
What is the highest common factor of 204 and 1044?
12
What is the greatest common factor of 532 and 228?
76
Calculate the highest common factor of 38 and 76.
38
Calculate the highest common divisor of 5 and 15835.
5
Calculate the greatest common divisor of 2715 and 105.
15
What is the highest common divisor of 14 and 5?
1
Calculate the greatest common divisor of 24 and 324.
12
Calculate the greatest common factor of 2314 and 26.
26
What is the highest common factor of 3211 and 57?
19
What is the greatest common factor of 80 and 540?
20
Calculate the highest common divisor of 26430 and 60.
30
What is the highest common divisor of 572 and 52?
52
Calculate the greatest common factor of 806 and 130.
26
Calculate the greatest common factor of 966 and 989.
23
What is the greatest common divisor of 320 and 5?
5
Calculate the greatest common divisor of 8734 and 176.
22
What is the highest common factor of 220 and 80?
20
Calculate the greatest common factor of 5302 and 110.
22
What is the greatest common divisor of 270 and 8289?
27
What is the highest common divisor of 279 and 657?
9
What is the highest common divisor of 27 and 1584?
9
Calculate the highest common factor of 138 and 2874.
6
Calculate the highest common divisor of 7895 and 5.
5
What is the greatest common divisor of 405 and 5?
5
Calculate the highest common factor of 51 and 3621.
51
What is the highest common divisor of 301 and 14?
7
What is the greatest common factor of 1033 and 1?
1
What is the greatest common divisor of 25 and 1775?
25
Calculate the highest common factor of 18 and 216.
18
Calculate the greatest common factor of 5160 and 15.
15
Calculate the highest common factor of 4 and 284.
4
Calculate the highest common factor of 510 and 8262.
102
Calculate the highest common divisor of 225 and 9.
9
Calculate the greatest common factor of 253 and 115.
23
What is the highest common divisor of 6906 and 6?
6
What is the highest common factor of 13 and 299?
13
What is the highest common divisor of 5900 and 100?
100
Calculate the highest common divisor of 1078 and 70.
14
What is the highest common divisor of 360 and 216?
72
Calculate the highest common divisor of 14 and 4886.
14
What is the highest common divisor of 98 and 82222?
98
Calculate the highest common divisor of 2862 and 216.
54
What is the highest common factor of 75 and 575?
25
Calculate the greatest common divisor of 17 and 1207.
17
What is the highest common divisor of 525 and 600?
75
What is the highest common factor of 280 and 360?
40
Calculate the greatest common divisor of 957 and 33.
33
What is the highest common factor of 1346 and 2?
2
Calculate the highest common divisor of 390 and 624.
78
Calculate the greatest common factor of 14 and 3934.
14
What is the highest common divisor of 1295 and 1085?
35
Calculate the greatest common factor of 1802 and 34.
34
What is the highest common divisor of 30 and 800?
10
What is the greatest common divisor of 195 and 405?
15
Calculate the greatest common factor of 10965 and 1785.
255
What is the greatest common factor of 1254 and 532?
38
What is the highest common factor of 1824 and 480?
96
Calculate the greatest common factor of 24 and 21192.
24
What is the highest common divisor of 26 and 325?
13
Calculate the highest common divisor of 460 and 276.
92
What is the greatest common divisor of 153 and 21454?
17
What is the greatest common divisor of 1554 and 37?
37
Calculate the greatest common factor of 516 and 72.
12
Calculate the greatest common factor of 14454 and 44.
22
Calculate the highest common divisor of 13756 and 380.
76
What is the greatest common factor of 1812 and 36?
12
What is the greatest common divisor of 2782 and 10?
2
What is the greatest common divisor of 84 and 63?
21
Calculate the greatest common divisor of 174 and 1537.
29
Calculate the highest common divisor of 77 and 6875.
11
Calculate the greatest common factor of 1 and 11.
1
What is the highest common divisor of 2013 and 44?
11
Calculate the greatest common factor of 486 and 90.
18
Calculate the greatest common factor of 117 and 507.
39
What is the highest common factor of 344 and 8?
8
Calculate the highest common divisor of 24 and 168.
24
What is the highest common factor of 10 and 3130?
10
What is the highest common factor of 44 and 1474?
22
Calculate the greatest common factor of 142 and 45653.
71
What is the greatest common factor of 204 and 48?
12
Calculate the highest common factor of 16 and 104.
8
What is the highest common divisor of 33 and 14982?
33
What is the highest common factor of 220 and 770?
110
Calculate the greatest common factor of 26 and 117.
13
What is the greatest common divisor of 13568 and 106?
106
Calculate the highes